12 - 10 - 11).
-20
What is the value of -50 + (-13 + 1 - ((89 - 42) + -58))?
-51
Calculate 65 + (3 - ((-5 - (-28 + 12)) + -11)).
68
Calculate -14 - ((11 - (14 + 11)) + (-1 - (2 + -8))).
-5
What is the value of -13 - (17 + (-9 + -3 - -6))?
-24
-50 - -75 - (-2 + -9 - -12)
24
Calculate -5 - (9 + -34 + 13 - -59).
-52
What is the value of -140 + (76 - -2) - -74?
12
-51 + (428 + -137 - 97)
143
Calculate -362 + 360 + -2 + 1 + 64.
61
Calculate (-9 - 15) + 31 + -65 + 56.
-2
Calculate 1 - -47 - (-13 - -43 - (5 + 12)).
35
What is the value of 13 - ((1 - -1) + 2) - (-5 - (49 - 15))?
48
What is the value of ((37 - 47) + -12 - -19) + 1 + -49?
-51
What is (-16216 - -16161) + (108 - -1)?
54
Evaluate -3 + (0 - 9 - -4) + 4 + -4 - -66.
58
What is the value of (-103 - -83) + (-1 - -22) - (-22 - 2 - 1)?
26
Calculate 8 + (15 - 55) + 56.
24
What is -1 - (12 - (-2 + 78 + (2 - (3 - -9))))?
53
29 - (2 + -1 + 432 + -447)
43
What is 70 - 0 - (-292 + 352)?
10
What is 61 + (-46 - (-49 - -1 - -23))?
40
What is -105 + (14 + -34 - -60)?
-65
Evaluate (-137 - -128 - (-3 + 2 + -5)) + 9 - -56.
62
Evaluate -47 + (-18 - -5) + -16 + 28.
-48
-47 + 15 + (10 + -19 - (4 + -18 - 1))
-26
Calculate -1 + (34 - -1) + (747 - 785 - (0 - 31)).
27
What is 33 + (-39 - (-1 + -19)) + -68?
-54
Calculate (-3 - (6 - (-5 - -10))) + (-40 - -20) + -5.
-29
Calculate 9 + -34 - -56 - -26.
57
What is the value of (-51 - (71 - 109)) + 109?
96
What is the value of 41 - ((-35 - (-42 + 46)) + -14)?
94
Evaluate 1 + (-5 - -31) + -10 + 7.
24
What is (1 - 25) + (-350 - (106 - 382))?
-98
Calculate 28 + (0 - (17 - 9)) + -87.
-67
(-18 + (37 - -6) - 1) + 5
29
Calculate 34 + (-12 - (42 - 31)) - -25.
36
What is (-35 - -6) + -14 + 40?
-3
What is the value of -26 + -3 - (2 + -1) - (-15 - -21)?
-36
What is the value of -40 + (-1 + -43 - -140)?
56
What is the value of 0 + 1 + -42 - (-1 + -15 - (3548 + -3558))?
-35
Evaluate -35 - (31 - (-36 + 82)).
-20
-23 - -42 - (53 + -45)
11
Calculate (1 - (-28 - -18) - -1 - 13) + -70.
-71
(44 - (-70 - -129)) + 7 + -1 - -15
6
What is the value of -12 + 2 + (3 - 15) + (187 - 125)?
40
What is 15 + 6 + -8 + (1 - 119 - (-123 + 111))?
-93
What is the value of 0 - 1 - (8 - 1) - (-466 - (-78 - 298))?
82
-64 + (-8 - -35 - -20)
-17
What is the value of -4 + (-25 + 67 - 52) + 0 + (-1 - -17)?
2
Calculate 60 - (4 + 24) - (11 + -6 + 4).
23
What is the value of 2 + (3 + -21 + (138 - 136) - 4)?
-18
Evaluate -45 + (-294 - -76) + 116.
-147
What is 14 + (-59 - (-8 - 0 - (0 + 2)))?
-35
Evaluate 1 - -1 - (27 + -5 + -5 - (13 - 11)).
-13
Evaluate -52 - (78 + -69 - 32).
-29
What is the value of (-209 - -202) + -2 + 11 - (15 - 2)?
-11
32 - 22 - -24 - (6 - 11 - -2 - -3)
34
What is 3 + (-5 + 11 + 5 - 1) + 28?
41
(-2 - -3) + 97 + -18 + (48 - (78 - 37))
87
Evaluate 0 - -38 - (-25 + -18 + 38) - 6.
37
What is the value of -105 + (115 - -32) + 81?
123
What is (37 - (42 - 11)) + (28 - (-4 + 2))?
36
-10 - (4 - (22 - 48))
-40
What is (-8 - (9 - 9)) + 8 - 1 - -39 - -7?
45
What is (-1 - 11) + 33 + -19 + -14 + (0 - 65)?
-77
Calculate -37 + (-3 + -8 - ((-2 - -11) + 22 + -36)).
-43
-13 - 0 - ((-6 - -6) + -76 + 72 + -108)
99
What is the value of -41 + 6 + (27 - -24 - 79)?
-63
Calculate 1 + 32 + (5 - (17 - (17 - -8) - -16)).
30
What is the value of 4 + (54 - 81) + -9 + 2 + -6?
-36
Calculate 2 - (-11 - (-9 + (0 - -10))) - -44 - 13.
45
What is -60 - -32 - (-13 - 8) - (-3 + 5 - 23)?
14
Evaluate 157 + 4 - (1741 + -1660).
80
Evaluate (-2 + 1 + (-54 - -3) - -2) + 10767 + -10771.
-54
Calculate (-116 - (-41 + -80)) + 0 + -61.
-56
What is the value of -69 + -68 + 56 - -50?
-31
Evaluate -22 + -1 + -90 + 36 + 34.
-43
Evaluate 2 + 12 - 1 - 23 - (-5 - -3).
-8
What is 87 + (-17 - 1 - (-60 + (41 - 3)))?
91
What is (-8 + 8 - 7) + 6 + 0 - (125 + -64)?
-62
Evaluate -9 + -118 + (6 - -67).
-54
What is 0 - 46 - (-1 + 1 + -2) - (-7 + 11)?
-48
What is 5 - -3 - (-46 + (-35 - -31))?
58
What is (66 - 52) + -10 + 16 + -11?
9
Calculate (-14 - -2 - (74 - 77)) + (-25 - -2).
-32
Evaluate -12 + 41 + (-2 - 37) + (-1 - 4).
-15
Evaluate 19 + (-56 - (49 - 118)).
32
What is -228 + 241 - (1 + -3 - 5)?
20
Evaluate 5 - (0 - (-5 - (23 + -15 + -24) - 4)).
12
Calculate 2 - (-38 - -2) - (581 + -549 + (0 - 24)).
30
Evaluate (9 - (12 - 14)) + -29 + -1.
-19
Calculate 12 - 4 - ((169 - 196) + 162).
-127
-11 + -1 + (-35 - (-18 + (17 - 32)))
-14
(1 + -27 - (445 + -473)) + 0 + -1 + 43
44
Evaluate 335 + -315 + (6 - 24).
2
What is the value of -13 - (-1 + (-1 - -50) + 803 + -811)?
-53
Calculate 10 + (-26 - -2) - (-53 - -124).
-85
What is (-4 - -19 - 6) + (56 - (-28 - -48))?
45
What is -41 - (46 + (11 - (9 - -11)))?
-78
What is the value of 3 + (-13 - (4 + -3 - (12 - 0)))?
1
Calculate -5 - (4 + -31 + 4) - 0 - 41.
-23
Calculate 7 + (-32 - (-18 + -10 + 6)) + 0 + -46.
-49
-7042 + 7047 + 1 + (-1 + -136 - (7 - 3))
-135
Calculate 39 + -75 + -38 + 56.
-18
Calculate (78 - 2 - (-408 + 412)) + -11 - (-3 + -1).
65
Calculate 35 - (56 - 25 - 42).
46
Evaluate (22 + -18 - 4) + (-1 - 9) + (0 - 0).
-10
Calculate (-81 - (-83 + 43 + -3)) + 1 + -2 + 2.
-37
What is -19 + 4 + 1 + -2 - (753 - 820)?
51
What is 21 + -11 + (-19 - -9) + 17 + -20?
-3
Calculate 147 + -117 + -2 - (-1 + 23).
6
Calculate -5 - (-43 - -55 - -29).
-46
(3 - 4) + (6 + -33 + 18 - -21)
11
8 + (-5 - 0) + 225 + -218
10
Evaluate 40 + ((12 - 6) + -11 - 1) + -10.
24
Calculate -5 + -7 + (23 - 6) - -26.
31
Calculate 33 - (-4 - -1 - (-7 + 9 + -14)).
24
What is -1 + 3 + 3 + (46 - 2 - 82)?
-33
(-52 + 100 - -12) + (5 - 3 - 11)
51
Calculate -12 + 0 - (62 - 53 - -47 - 82).
14
Evaluate (13 + (70 - 30) - 8) + -41.
4
Calculate 8 + -27 + (-41 - (-16 + 58)).
-102
Evaluate 25 - (-24 - -52) - 51 - (0 + 9).
-63
What is (-33 - (19 - 48)) + (2 - 4) + -3?
-9
-165 - (-8 + -137 + 111)
-131
What is 37 + 1 + -2 + (31 - (19 + (35 - 18)))?
31
Calculate -59 + 51 - (20 + -4 - 66).
42
What is 7 + 6 + -24 + (5 + -11 - 3)?
-20
What is the value of 18 - (-8 - -17 - -12)?
-3
Calculate 4 - 52 - (-645 + 609).
-12
-115 + (78 - 156) - -57
-136
Calculate -8 - (1 + (-55 - (-1 - 9)) + (5 - 18)).
49
-4 + (0 - 3 - -7) + 10 - (-24 + 22)
12
What is the value of -81 - (-146 + 73 - -23)?
-31
89 + -18 + 8 + (3 + -1 - -23) - -14
118
What is the value of (-1 - 61) + (59 + -13 + -18 - 16)?
-50
(-5 - (13 - (-2 + 15 + 12))) + -41
-34
What is the value of -148 + 92 + 10 + -15 + -4?
-65
Calculate 43 - (24 - (-2 + 0 - (123 - 134))).
28
What is 4 + -5 + (772 - 796)?
-25
Evaluate (88 + 20 - (15 + 16)) + -29.
48
Evaluate (2 - 1) + -22 + 54 + -40.
-7
34 + -28 + (10 - 13) - (1 - -50)
-48
Calculate (20 - (-12 + (12 - 6))) + -13.
13
What is 1229 + -1199 + 1 + -70 + -7 + -1?
-47
3499 - 3467 - (1 - -18)
13
Calculate -1 - ((34 - (4 - 4) - 5) + -4).
-26
Calculate (-304 + 305 - (3 + (2 - 3))) + 39.
38
Calculate -8 + -25 - (-23 - -17 - -9).
-36
Calculate -40 - (-7 - 21) - (-10 - -88).
-90
13 + (-15 - (9 + -20 - -3)) - (-2 - -68)
-60
Evaluate 55 + (-599 + 599 - (-13 - (3 + (-3 - 3)))).
65
(-2 - (2 + 3)) + (47 - 42) + 4
2
What is the value of (-17 - 39) + -20 + 10 + -3 + (29 - 23)?
-63
What is the value of (13 - -28) + -14 + -16 + 1 - -5?
17
Calculate -55 + 10 + 34 - (-1 - (-5 - -3) - -31).
-43
-216 - 0 - (-34900 + 34768)
-84
What is -7 + (27 + -2 - -8)?
26
(27 - (-5 + 7)) + 62 + -100 - (0 - 50)
37
What is (101 - 2 - 1) + -28 + (-66 - (-69 - 16))?
89
What is 1450 + -1501 - (3 + -160)?
106
What is the value of -56 + (-21 - 4) + 21 - -30?
-30
What is the value of -62 + -6 + 32 + 6?
-30
What is the value of -84 - (-99 + -9 + 59)?
-35
What is the value of (-29 + 26 - -29) + (-2 + -3 + 0 - -8)?
29
Calculate -8 - 90 - -6 - -71.
-21
17 - (-10 - -21 - (-2 + -15))
-11
Calculate 10 + -4 + (-3 - (44 + 13 + -6)) - -1.
-47
What is -2 - (-16 - (10 - 46) - 3)?
-19
38 + 109 + -1 + -42
104
Calculate -1090 + 1073 + 47 + -1.
29
16 - (-42 - (68 - 101))
25
What is the value of 8 + 5 + -7 - ((-7 - -39) + -85)?
59
What is -71 - (127 - (459 + -134))?
127
What is the value of 50 + (42 - 64) + 5?
33
What is the value of -94 - (-127 - -169 - 130)?
-6
-2 - (14 + 5 + -10) - -80 - -16
85
What is (45 - 41) + -5 + 1 + (16 - -32) + -3?
45
What is the value of 286 - 331 - (3 + -4)?
-44
34 + -2 + -6 + -8 + (-73 - -16)
-39
-93 + 171 + -12 + -88
-22
What is the value of (-73 - (-73 - -8)) + (-1 - (-65 + 2)) + 2?
56
What is (-9 - 0) + 51 + -18 